Let a = 75 - -2107. Is a a prime number?
False
Let a(g) = -2*g**2 - 2*g - 2. Let o be a(-3). Let h(r) = -2*r - 14. Is h(o) prime?
False
Let g = 3244 - -4183. Is g a prime number?
False
Suppose -h = -1 - 6. Let r(v) = 15*v**3 + 4*v**2 - 9*v + 1. Let a be r(h). Suppose -5*k + a - 1564 = 0. Is k prime?
True
Let k = -43 + 38. Let u = 750 + k. Is u a composite number?
True
Suppose 0 = -z - 4*j - 109, z - 2*j + 228 = -z. Let t = z + 804. Suppose v = -0*v + t. Is v a composite number?
False
Let i be (-2)/(-4)*(3 - -1). Is (4 - (4 - 4))/i prime?
True
Let t = 260 + -181. Suppose -5*c = 251 + t. Let w = -32 - c. Is w composite?
True
Suppose -31562 - 28713 = -25*b. Is b prime?
True
Suppose 3*z = -5*m + 6991, -5*z = -16*m + 14*m + 2784. Is m composite?
True
Let f be 11/3 + (-4)/6. Let s(u) be the first derivative of 28*u**3/3 + 5*u**2/2 - 4*u + 76. Is s(f) a prime number?
True
Let n = -24 + 41. Suppose 3*o - 9 = -0*o. Suppose o*r - 646 = n. Is r prime?
False
Let y(t) = 409*t + 128. Is y(7) a prime number?
False
Suppose 6 = 2*j, -4*j + 60851 = 2*l + 781. Is l a composite number?
False
Let s = -672 + 857. Is s composite?
True
Suppose -5*s - 3*s = -25816. Is s a composite number?
True
Let d(q) = -q**3 + q**2 + 8*q - 8. Let p be d(-7). Let f = 19 + p. Is f a prime number?
True
Let o(v) = -v**2 - 6*v - 5. Suppose t = 2*k + 2 - 11, 2*k - 15 = -5*t. Let u(x) = -5*x**3 + 2*x**2 - 1. Let z be u(t). Is o(z) a composite number?
False
Let j = 11 + -9. Suppose 4*f + 5 = -5*h, j*f + 8 = h + f. Is (7/14)/(h/1986) a prime number?
True
Let t(f) be the second derivative of -1/2*f**2 + 3*f + 77/12*f**4 + 2/3*f**3 + 0. Is t(-2) prime?
False
Let a = -33847 + 58353. Is a composite?
True
Suppose 2*z - 32 = 128. Let v = z + -6. Is v a prime number?
False
Let o(b) = b**3 + 32*b**2 + 6*b + 8. Is o(-27) a composite number?
False
Suppose -v - 4*g = -735, -3*v - g + 728 = -1532. Suppose 5*m - v = -4*x - 0*x, 3*m - 490 = 5*x. Is m composite?
True
Let f(p) be the second derivative of p**5/10 + p**4/2 - 3*p**2/2 + 8*p. Is f(7) prime?
True
Let r(v) = v**2 + 2*v + 2805. Let d(k) = -3*k**2 - 6*k - 8414. Let a(o) = 2*d(o) + 7*r(o). Is a(0) a prime number?
False
Let p(f) = -2*f - 22. Let w be p(-11). Suppose w = -4*o - 0*o - s + 2569, -4*o + 3*s + 2549 = 0. Is o prime?
True
Let d(g) = -6*g**3 - 8*g**2 - 2*g + 39. Is d(-17) prime?
True
Let i be (-7)/2*(0 - -54). Let h = i + 352. Is h prime?
True
Suppose -93*o + 2131963 = 4*o. Is o composite?
True
Let z(v) = 0*v + v + 192*v**2 + 150 - 140. Is z(-3) prime?
False
Let q be ((-9)/6)/(-1 + 2/(-4)). Let t(s) = 1949*s**3 + s**2 - 1. Is t(q) composite?
False
Let r(q) be the third derivative of -q**6/120 + q**4/4 - q**3/6 + 6*q**2. Let j be r(-5). Let d = j - -117. Is d a composite number?
False
Suppose 0*d - 11244 = -3*d. Suppose 5*r = 9*r - d. Is r a composite number?
False
Let s = -6781 + 9620. Is s a composite number?
True
Let a(w) = 262*w - 11. Is a(7) composite?
False
Suppose -8*o + 5*o + 9 = 0. Suppose 662 = o*y - y. Is y a composite number?
False
Let o be 600/27 + 2/(-9). Let h = 32 - o. Is ((-244)/h + -1)*-5 a prime number?
True
Is 45896/6 + 50/(-15) + 3 a prime number?
True
Let z be 1667/(-4) - (-2)/(-8). Let q be (-3)/(z/(-204) - 2). Let l = q - -191. Is l a prime number?
False
Let r(s) = -68*s + 1. Let k = 0 - 4. Let y = -7 - k. Is r(y) a composite number?
True
Let m(g) = 64*g**2 - 11*g + 193. Is m(20) prime?
False
Is 14952 - ((-160)/48)/((-4)/(-6)) prime?
True
Suppose -v - 5*m + 1941 = -3818, -17349 = -3*v + 3*m. Is v composite?
False
Let n be (21/12)/((-3)/12). Let q(c) = -c**2 - 7*c - 2. Let z be q(n). Let g(m) = 7*m**2 - 2*m + 1. Is g(z) a prime number?
False
Let g(x) = -x**3 + 6*x**2 - 4*x + 1. Let j be g(5). Suppose 2*l - j = l - p, -5*l - 3*p = -26. Suppose 4*q = -2*i + 634, 0 = l*q - 20. Is i a composite number?
False
Let d(v) = -70*v - 33. Let u be d(-17). Suppose -4*t - 4*k = -1160, -u = -4*t - k - 4*k. Is t composite?
False
Let n(t) = 2*t**2 + 2*t - 1. Let i be n(1). Suppose -8 = 3*z - 4*c, -z - i*c = 4*z + 52. Is (13/(-2))/(z/112) a prime number?
False
Let y be 7*(3 - 46/14). Let h be (-32)/(y + -2) - 3. Suppose -h*r = -2*o + 299, -4*o = r - 292 - 339. Is o a composite number?
False
Let l = -3870 - -5771. Is l a composite number?
False
Let v be (-8)/(-5 - -9) - 2/(-1). Suppose 4*p - 202 - 450 = v. Is p a prime number?
True
Let z(w) = 220*w**3 - 4*w**2 - 2*w + 7. Is z(3) prime?
False
Let l(j) = 50*j - 9. Let i be (1 - 0)/(11/66). Is l(i) prime?
False
Suppose -57 = 3*p - 0*p. Let m = p - -44. Is m a composite number?
True
Suppose 8 = -3*d + 23. Suppose -5*u + 26 + 11 = -3*b, -3*u - 5*b - d = 0. Suppose -2*z - 331 = -5*r - 0*z, -u*r = 2*z - 339. Is r a prime number?
True
Suppose 2*j - 10 = -3*s, 2*j - 3 = -5*s + 7. Suppose s = 4*a - 5*x - 1024, 2*a - 174 - 344 = 4*x. Is a composite?
False
Suppose -20 = -4*q - 8. Suppose 0 = -q*s - 3 + 618. Is s a composite number?
True
Suppose -3*d + 40 = -35. Let x = d - 18. Let t(p) = p**2 - 3*p + 6. Is t(x) a prime number?
False
Suppose 5*g = 0, -5*g + 73854 + 26319 = 3*a. Is a a prime number?
True
Let z = -505 + 109. Let n = z + 631. Is n a prime number?
False
Suppose 45*u - 361368 = 196902. Is u a prime number?
False
Is (-10098)/(-14) + (10/(-35) - 0) a prime number?
False
Let n(b) = 97*b**2 + 14*b + 8. Let o(d) = -32*d**2 - 5*d - 3. Let s(k) = 3*n(k) + 8*o(k). Let i be s(2). Let y = -65 + i. Is y a composite number?
False
Let j = 172 + 263. Suppose -v = 4*v - j. Is v a prime number?
False
Let g = 5 + 11. Suppose g*u = 15*u + 1733. Is u a prime number?
True
Let x(i) be the second derivative of -11*i**5/20 + i**4/4 + 7*i**3/6 - 5*i**2/2 - i. Let f be x(4). Is (0 - 2)*f/6 composite?
False
Suppose 2*a - 4*o - 9621 = -a, 0 = 4*a - 2*o - 12818. Is a a composite number?
False
Suppose -m + 883 = -0*m. Suppose -1732 = -n + 5*h, n - h - m = 869. Is n prime?
False
Let r be (-85)/(-25)*-2*-150. Suppose 5*d + s - r = 0, -4*s + 2 = -18. Is d a composite number?
True
Let r(i) = 63*i**2 + 20*i - 119. Is r(-28) a prime number?
False
Let z(a) = -a**2 - 10*a - 16. Let d be z(-5). Suppose d = -3*s - 6, 5*c = -3*s + 7470. Is c composite?
True
Suppose 0 = 40*t + 236706 - 671786. Is t a prime number?
False
Suppose 0 = 5*o - 10*o - 5. Let f(q) = -3*q - 1. Let j be f(o). Suppose -762 = -j*h - 4*k, 295 = h + 4*k - 88. Is h prime?
True
Suppose -3*f - 22 = 4*w, w + 2*w - 16 = f. Let p be (-7)/14 - f/4. Suppose 0 = -4*l - p*o + 473 + 363, 4*o + 649 = 3*l. Is l a prime number?
True
Let t be 126/(-10) - 6*4/(-40). Is (((-16)/t)/4)/(3/5283) a composite number?
False
Suppose -2721 = 330*a - 331*a. Is a composite?
True
Let l = 9 - 6. Suppose -8*u + 132068 = -l*u + 3*r, -3*u + 5*r = -79268. Is u/65 - 6/(-10) prime?
False
Let n = 65 + -60. Let u(s) = -3 + 13 + 25*s - 2. Is u(n) composite?
True
Suppose 0 = 5*y + d + 1, 4*y = -21*d + 25*d + 4. Let r(a) = -a**3 + 160. Let k be r(0). Suppose 5*c + 5*n - 1065 = y, 4*c + n - k = 698. Is c a prime number?
False
Suppose -b + 3*y + 4753 = 2*y, y = -2. Is b composite?
False
Let w(p) = -p. Let m(l) = -4*l**2 + 4*l - 5. Let a(y) = -m(y) - 6*w(y). Is a(8) a prime number?
True
Let p(y) = 25*y + 6. Is p(4) a prime number?
False
Suppose -5*j = 2*z - 1292 - 3183, -5*z - 3547 = -4*j. Is j a prime number?
False
Suppose -21*o - 3906 + 12159 = 0. Let u = 231 - -67. Let a = o + u. Is a a composite number?
False
Let p(n) = -n**3 - 12*n**2 - 12*n - 8. Let t be p(-11). Let z(l) = 0 - 5 + 9*l + 2*l**t + l**2 + 3 - 3*l. Is z(4) a composite number?
True
Suppose -12*l = l - 6565. Suppose 4*n - l = 1075. Is n prime?
False
Suppose r - 4 = 2*r, 5*i - 4*r = 19726. Suppose 0 = 3*z - 5*x - i, -2*z + 4*x + 2796 - 170 = 0. Is z a prime number?
True
Let z(y) = 7*y**2 + 8*y + 16. Let u be z(11). Let j = 1492 - u. Is j prime?
True
Let y(u) be the second derivative of u**5/10 - u**4/3 + 4*u**3/3 + 7*u**2/2 + 10*u. Suppose -28 = s - 5*s. Is y(s) composite?
True
Suppose 0*k + 3*k - 157 = -5*j, 2*j = -3*k + 70. Let r = 98 + j. Is r a prime number?
True
Let f = -666 + 725. Is f prime?
True
Let q(l) = 2*l**2 + 11*l + 3. Let v(f) = -3*f**2 - 17*f - 4. Let z(u) = -7*q(u) - 5*v(u). Let s be 2*(0 + 4 + 0). Is z(s) a prime number?
True
Suppose -4*p = -42 + 18. Is 2319/11 - p/(-33) composite?
False
Is ((-70734)/4)/((-309)/2